{"id":1701,"date":"2026-05-06T11:25:50","date_gmt":"2026-05-06T09:25:50","guid":{"rendered":"https:\/\/raport2025.powiat-zyrardowski.pl\/?page_id=1701"},"modified":"2026-05-08T11:50:27","modified_gmt":"2026-05-08T09:50:27","slug":"obszar-oddzialywania-cpk","status":"publish","type":"page","link":"https:\/\/raport2025.powiat-zyrardowski.pl\/index.php\/obszar-oddzialywania-cpk\/","title":{"rendered":"Obszar oddzia\u0142ywania CPK"},"content":{"rendered":"\n<h4 class=\"wp-block-heading has-text-color has-link-color wp-elements-7973d026fb4386fca3acdce6d45bf9ab\" style=\"color:#14357a\"><strong>Nowy zakres Wsp\u00f3\u0142pracy z CPK w roku 2025<\/strong><\/h4>\n\n\n\n<p>Poza bie\u017c\u0105c\u0105 wsp\u00f3\u0142prac\u0105 wynikaj\u0105c\u0105 z relacji Sp\u00f3\u0142ki i Powiatu wynikaj\u0105cych z terminarza realizacji inwestycji CPK, Powiat \u017byrardowski wsp\u00f3\u0142pracowa\u0142 z CPK w ramach \u201eProgramu inwestycyjnego Centralny Port Komunikacyjny Etap II 2024-2030\u201d przyj\u0119ty przez Rad\u0119 Ministr\u00f3w dnia 24 pa\u017adziernika 2024, kt\u00f3rego cz\u0119\u015bci\u0105 jest Program Spo\u0142eczno-Gospodarczy (PSG). Sp\u00f3\u0142ka CPK udzieli\u0142a wsparcia finansowego powiatom znajduj\u0105cym si\u0119 w bezpo\u015brednim otoczeniu inwestycji CPK<\/p>\n\n\n\n<p>&nbsp;W ramach PSG, na mocy umowy podpisanej 13 czerwca 2025 roku z Powiatem \u017byrardowskim Sp\u00f3\u0142ka przekaza\u0142a Powiatowi \u017byrardowskiemu kwot\u0119 w wysoko\u015bci 6 000 000,00 z\u0142 (s\u0142ownie: sze\u015b\u0107 milion\u00f3w z\u0142otych 00\/100) brutto z przeznaczeniem na sfinansowanie koszt\u00f3w Projektu w ramach programu \u201eKompleksowy rozw\u00f3j obszaru otoczenia CPK w Powiecie \u017byrardowskim\u201d. Poni\u017cej przedstawiony jest uzgodniony bud\u017cet i planowany harmonogram dzia\u0142a\u0144<\/p>\n\n\n\n<hr class=\"wp-block-separator has-alpha-channel-opacity\"\/>\n\n\n\n<figure class=\"wp-block-table is-style-stripes\"><table><thead><tr><th>Dzia\u0142anie<\/th><th class=\"has-text-align-right\" data-align=\"right\">Koszt brutto\/z\u0142<\/th><th class=\"has-text-align-right\" data-align=\"right\">Kwota dotacji<\/th><th class=\"has-text-align-right\" data-align=\"right\">Termin realizacji\/kwarta\u0142<\/th><\/tr><\/thead><tbody><tr><td>Poprawa bezpiecze\u0144stwa\/remont drogi powiatowej 4726W\/gmina Mszczon\u00f3w<\/td><td class=\"has-text-align-right\" data-align=\"right\">1 417&nbsp;841<\/td><td class=\"has-text-align-right\" data-align=\"right\">717 841,17<\/td><td class=\"has-text-align-right\" data-align=\"right\">I \u2013 II\/2026<\/td><\/tr><tr><td>Modernizacja drogi 4703W Miedniewice-Franciszk\u00f3w w m. Franciszk\u00f3w<\/td><td class=\"has-text-align-right\" data-align=\"right\">161 120,65<\/td><td class=\"has-text-align-right\" data-align=\"right\">161 120,65<\/td><td class=\"has-text-align-right\" data-align=\"right\">I \u2013 II\/2026<\/td><\/tr><tr><td>Poprawa przejezdno\u015bci i bezpiecze\u0144stwa ruchu na drodze powiatowej nr 4719W Puszcza Maria\u0144ska &#8211; Mszczon\u00f3w<\/td><td class=\"has-text-align-right\" data-align=\"right\">356 340,10<\/td><td class=\"has-text-align-right\" data-align=\"right\">178 170,05<\/td><td class=\"has-text-align-right\" data-align=\"right\">I \u2013 II\/2026<\/td><\/tr><tr><td>Budowa \u015bcie\u017cki pieszo- rowerowej na odcinku \u017byrard\u00f3w-Radziejowice<\/td><td class=\"has-text-align-right\" data-align=\"right\">2 696 991,13<\/td><td class=\"has-text-align-right\" data-align=\"right\">2 696 991,13<\/td><td class=\"has-text-align-right\" data-align=\"right\">II-IV\/2026<\/td><\/tr><tr><td>Dosprz\u0119towienie i modernizacja wielospecjalistycznej przychodni ambulatoryjnej oraz nowopowstaj\u0105cego POZ<\/td><td class=\"has-text-align-right\" data-align=\"right\">2 322 761,00<\/td><td class=\"has-text-align-right\" data-align=\"right\">2 245 877,00<\/td><td class=\"has-text-align-right\" data-align=\"right\">II-IV.2026<\/td><\/tr><tr><td><strong>Suma<\/strong><\/td><td class=\"has-text-align-right\" data-align=\"right\"><strong>6 955 054,05<\/strong><\/td><td class=\"has-text-align-right\" data-align=\"right\"><strong>6&nbsp;000&nbsp;000,00<\/strong><\/td><td class=\"has-text-align-right\" data-align=\"right\">&nbsp;<\/td><\/tr><\/tbody><\/table><\/figure>\n\n\n\n<div style=\"height:30px\" aria-hidden=\"true\" class=\"wp-block-spacer\"><\/div>\n\n\n\n<p>Niezale\u017cnie od dzia\u0142a\u0144 wynikaj\u0105cych z w\/w umowy Powiat \u017byrardowski, ma \u015bwiadomo\u015b\u0107, \u017ce budowa Centralnego Portu Komunikacyjnego (CPK) stanowi jedno z kluczowych przedsi\u0119wzi\u0119\u0107 infrastrukturalnych w Polsce, maj\u0105cych istotny wp\u0142yw na rozw\u00f3j gospodarczy i&nbsp;spo\u0142eczny region\u00f3w po\u0142o\u017conych w jego bezpo\u015brednim s\u0105siedztwie, w tym Powiatu \u017byrardowskiego. W szczeg\u00f3lno\u015bci inwestycja ta wygeneruje zapotrzebowanie na wysoko wykwalifikowan\u0105 kadr\u0119 techniczn\u0105, logistyczn\u0105, informatyczn\u0105, budowlan\u0105 oraz us\u0142ugow\u0105, co wymaga dostosowania oferty edukacyjnej szk\u00f3\u0142 ponadpodstawowych do nowych wyzwa\u0144 rynku pracy.<\/p>\n\n\n\n<p>Powiat \u017byrardowski jako organ prowadz\u0105cy szko\u0142y ponadpodstawowe, stoi przed konieczno\u015bci\u0105 podejmowania dzia\u0142a\u0144 maj\u0105cych na celu modernizacj\u0119 i rozw\u00f3j kszta\u0142cenia zawodowego oraz wsp\u00f3\u0142prac\u0119 z partnerami samorz\u0105dowymi, instytucjami rynku pracy, przedsi\u0119biorcami i instytucjami odpowiedzialnymi za realizacj\u0119 projektu CPK. Dostosowanie kierunk\u00f3w kszta\u0142cenia, program\u00f3w nauczania oraz infrastruktury szkolnej do potrzeb rozwijaj\u0105cego si\u0119 rynku pracy pozwoli na zwi\u0119kszenie konkurencyjno\u015bci absolwent\u00f3w szk\u00f3\u0142 powiatowych oraz wzmocni potencja\u0142 gospodarczy regionu.<\/p>\n\n\n\n<p>Zgodnie z ustaw\u0105 o samorz\u0105dzie powiatowym oraz ustaw\u0105 Prawo o\u015bwiatowe, powiat jako organ prowadz\u0105cy szko\u0142y ponadpodstawowe ma obowi\u0105zek zapewnienia warunk\u00f3w do realizacji zada\u0144 dydaktycznych, wychowawczych i opieku\u0144czych, w tym dostosowania oferty edukacyjnej do potrzeb spo\u0142eczno-gospodarczych. W zwi\u0105zku z tym, konieczne jest podj\u0119cie dzia\u0142a\u0144 strategicznych, kt\u00f3re umo\u017cliwi\u0105 m\u0142odzie\u017cy zdobycie kwalifikacji odpowiadaj\u0105cych na przysz\u0142e zapotrzebowanie rynku pracy, zw\u0142aszcza w obszarach zwi\u0105zanych z transportem, logistyk\u0105, budownictwem, automatyk\u0105, energetyk\u0105, IT oraz us\u0142ugami towarzysz\u0105cymi.<\/p>\n\n\n\n<p>\u015awiadomy konieczno\u015bci podj\u0119cia skoordynowanych dzia\u0142a\u0144 w celu dostosowania kszta\u0142cenia zawodowego do zmian, kt\u00f3re budowa CPK wywo\u0142a na ca\u0142ym regionalnym rynku pracy tworzonym przez pi\u0119\u0107 powiat\u00f3w, b\u0119d\u0105cych sygnatariuszami niniejszego porozumienia, Powiat \u017byrardowski podj\u0105\u0142 wst\u0119pne rozmowy z przedstawicielami Sp\u00f3\u0142ki CPK w zakresie podj\u0119cia wsp\u00f3lnych dzia\u0142a\u0144 na rzecz powo\u0142ania regionalnej \u201eAkademii Kompetencji Zawodowych CPK\u201d (AKZ-CPK).<\/p>\n\n\n\n<p>Zadaniem AKZ-CPK by\u0142oby stworzenie zintegrowanego systemu wsp\u00f3\u0142pracy pi\u0119ciu powiat\u00f3w tworz\u0105cych region CPK, prowadzonych przez nie szk\u00f3\u0142 zawodowych oraz pracodawc\u00f3w i instytucji rynku pracy, kt\u00f3ry umo\u017cliwi efektywne przygotowanie absolwent\u00f3w zar\u00f3wno w zakresie umiej\u0119tno\u015bci zawodowych jak i kompetencji mi\u0119kkich do podj\u0119cia pracy w sektorach kluczowych dla funkcjonowania CPK i bran\u017c powi\u0105zanych.<\/p>\n\n\n\n<p>\u00a0Powiat \u017byrardowski przedstawi\u0142 Sp\u00f3\u0142ce CPK za\u0142o\u017cenia Projektu \u201eAkademii Kompetencji Zawodowych CPK\u201d (AKZ-CPK) na spotkaniu, kt\u00f3re mia\u0142o miejsce w siedzibie Sp\u00f3\u0142ki w dniu 20 pa\u017adziernika 2025 roku.\u00a0Po spotkaniu w\u0142adze Sp\u00f3\u0142ki wyrazi\u0142y zainteresowanie oraz intencj\u0119 wsp\u00f3\u0142pracy w ramach Projektu AKZ-CPK. Na podstawie o\u015bwiadczenia woli i ch\u0119ci wsp\u00f3\u0142pracy przez Sp\u00f3\u0142k\u0119 CPK, oraz po uzyskaniu zgody Rady Powiatu \u017byrardowskiego, Zarz\u0105d Powiatu podj\u0105\u0142 kolejne kroki w celu wypracowania i zawarcia formalnego porozumienia pomi\u0119dzy sygnatariuszy niniejszego dokumentu na rzecz wsp\u00f3lnych dzia\u0142a\u0144 umo\u017cliwiaj\u0105cych utworzenie <strong>\u201eRegionalnej Akademii Kompetencji Zawodowych CPK\u201d.\u00a0<\/strong>W tym zakresie wsp\u00f3\u0142praca Sp\u00f3\u0142ki CPK oraz pi\u0119ciu powiat\u00f3w jest kontynuowana. Uczestnicy pracuj\u0105 nad ostateczn\u0105 wersj\u0105 porozumienia.<\/p>\n","protected":false},"excerpt":{"rendered":"<p>Nowy zakres Wsp\u00f3\u0142pracy z CPK w roku 2025 Poza bie\u017c\u0105c\u0105 wsp\u00f3\u0142prac\u0105 wynikaj\u0105c\u0105 z relacji Sp\u00f3\u0142ki i Powiatu wynikaj\u0105cych z terminarza realizacji inwestycji CPK, Powiat \u017byrardowski wsp\u00f3\u0142pracowa\u0142 z CPK w ramach&#8230;<\/p>\n","protected":false},"author":3,"featured_media":0,"parent":0,"menu_order":0,"comment_status":"closed","ping_status":"closed","template":"","meta":{"footnotes":""},"class_list":["post-1701","page","type-page","status-publish","hentry"],"_links":{"self":[{"href":"https:\/\/raport2025.powiat-zyrardowski.pl\/index.php\/wp-json\/wp\/v2\/pages\/1701","targetHints":{"allow":["GET"]}}],"collection":[{"href":"https:\/\/raport2025.powiat-zyrardowski.pl\/index.php\/wp-json\/wp\/v2\/pages"}],"about":[{"href":"https:\/\/raport2025.powiat-zyrardowski.pl\/index.php\/wp-json\/wp\/v2\/types\/page"}],"author":[{"embeddable":true,"href":"https:\/\/raport2025.powiat-zyrardowski.pl\/index.php\/wp-json\/wp\/v2\/users\/3"}],"replies":[{"embeddable":true,"href":"https:\/\/raport2025.powiat-zyrardowski.pl\/index.php\/wp-json\/wp\/v2\/comments?post=1701"}],"version-history":[{"count":11,"href":"https:\/\/raport2025.powiat-zyrardowski.pl\/index.php\/wp-json\/wp\/v2\/pages\/1701\/revisions"}],"predecessor-version":[{"id":2394,"href":"https:\/\/raport2025.powiat-zyrardowski.pl\/index.php\/wp-json\/wp\/v2\/pages\/1701\/revisions\/2394"}],"wp:attachment":[{"href":"https:\/\/raport2025.powiat-zyrardowski.pl\/index.php\/wp-json\/wp\/v2\/media?parent=1701"}],"curies":[{"name":"wp","href":"https:\/\/api.w.org\/{rel}","templated":true}]}}